 Let p be q(-1). Let g = 26 - p. What are the prime factors of g?
13
Let z(m) = m + 1. Let q be z(-9). Let y be 24/q*6/(-2). Suppose i + 2 = 0, 3*j + y = -i + 64. What are the prime factors of j?
19
Suppose -5*d + 33 = -2*a, 1 = 2*a - 1. Suppose 3*k = d - 1. Suppose -2*m + 24 = -2*c + 5*c, 24 = k*m - 5*c. List the prime factors of m.
2, 3
Let j(n) = -n**2 - n + 6. Let a be j(0). Suppose -x = -2*x + a. Suppose 10*p - x*p = 36. List the prime factors of p.
3
Suppose -4*h + 37 = -0*t - 3*t, 4*h + 2*t = 42. Suppose -h*n + 5*n + 110 = 0. List the prime factors of n.
2, 11
Let c(x) = -7*x**3 + 2*x**2 - x + 1. What are the prime factors of c(-2)?
67
Suppose 2*a - 8 = 6*a. List the prime factors of (2/4)/(a/(-88)).
2, 11
Suppose -2 = -w, 4 = 3*y + 3*w + 1. Let q be (0 + -2)/(2/(-3)). Let k = q + y. List the prime factors of k.
2
Let j be 0/((-6)/((-9)/3)). Let g = j - 0. List the prime factors of g - -6 - (1 + 0).
5
Let v(t) = -5*t - 4. Suppose -5*y - 5 = 10. What are the prime factors of v(y)?
11
Let m = 14 + -10. Suppose 0 = -m*w - 8, 0*f - 3*w = f. List the prime factors of -7 + f - (-1 + -10).
2, 5
Let y = 4 + 1. Suppose -6*i + 3*i = -s - y, i = 1. What are the prime factors of (-44)/(-8) + s/4?
5
Let u = 13 + 9. List the prime factors of u.
2, 11
Suppose 42 = 2*c + 2*s, -3*c - s = c - 75. List the prime factors of c.
2, 3
Let s be (16 + -4)*1/3. Let q be 6/s*(-10)/(-3). Suppose 0*a + q*a = 25. What are the prime factors of a?
5
Let w be (5 + 1)/(-3 + 1). List the prime factors of 12 + (0 + 0 - w).
3, 5
Suppose -5*r - 2 = -2*v, -2*r - 4*v + 4 = r. What are the prime factors of (3 - r)*(-38)/(-6)?
19
Let n(w) = 3*w**2 + w + 1. Let p be n(-1). Suppose 3*z + l - 29 = p*l, -5*l - 5 = 0. What are the prime factors of (-2)/(-9) + 106/z?
2, 3
Suppose 4*b + 10 - 43 = 5*d, -27 = -2*b - d. Let i be (-2)/b - (-3)/18. What are the prime factors of 1 + i + -2 + 3?
2
Suppose 6*t - 528 - 54 = 0. What are the prime factors of t?
97
Let t(r) = 2*r**2 + 3*r - 1. Let l(f) = -f**3 + 3*f**2 + f - 1. Let z be l(3). Let u be t(z). Let i = u - 5. What are the prime factors of i?
2
Let i(j) = -5*j**2 - j. Let z be i(-2). Let d be (-76)/z + (-4)/18. What are the prime factors of (-2)/d*(-2 - 4)?
3
Suppose -10 = y - 49. Suppose 43 = 3*k - 4*f, 0*f + y = 3*k - 3*f. List the prime factors of k.
3
Let m(f) = 28*f - 23. What are the prime factors of m(6)?
5, 29
Suppose t + 6 = -3*p, -3*p - 2*p = -3*t + 10. Suppose -n - 2 - 7 = t. Let x = n + 19. List the prime factors of x.
2, 5
Let f be (-3)/27 - (-70)/63. Suppose -5*d + f + 28 = 3*i, -3*d - 21 = -3*i. What are the prime factors of i?
2
Let t(q) = q**3 + q**2 - q - 1. Let d(y) = -4*y**3 + 4*y**2 + 11*y. Let a(b) = d(b) + 5*t(b). Suppose v + 24 = -2*v. What are the prime factors of a(v)?
11
Let f = 454 + -129. What are the prime factors of f?
5, 13
List the prime factors of 27 - (-1 - -4)/(-1).
2, 3, 5
Suppose 3*h - 3 = 5*y, -4 = -4*y - 4*h - 0. Let s be (y - 4)*6/12. Let a = s - -17. What are the prime factors of a?
3, 5
Let z = 95 - 52. List the prime factors of z.
43
Let n = 303 - 183. What are the prime factors of n?
2, 3, 5
Suppose 0*q = 6*q - 456. What are the prime factors of q?
2, 19
Let v(u) = u + 9. List the prime factors of v(-4).
5
Suppose 8*a = 3*a - 20. Let k = 14 + a. What are the prime factors of (8/k)/(2/30)?
2, 3
Suppose 2*b + 25 = 7*b. Suppose -c + b*j - 6*j = -25, 0 = -3*j - 15. What are the prime factors of c?
2, 3, 5
Let v = 36 - 29. List the prime factors of v.
7
Let z(f) = -f**3 - 6*f**2 + 2*f - 9. Let y be z(-8). Suppose -3*t = -2*v - 147, 2*t - v + 6 = y. List the prime factors of t.
47
Suppose 0 = -7*d - d + 56. List the prime factors of d.
7
Let i(v) = 2*v**3 - 4*v**2 - 2*v + 2. What are the prime factors of i(4)?
2, 29
Let i = 6 - 4. Suppose 5*m + 2*o - 10 = 0, i*o = 4*m - 8 - 0. Let g = 3 + m. What are the prime factors of g?
5
Let s(r) = 5*r + 11. List the prime factors of s(5).
2, 3
Let f = 97 - 48. What are the prime factors of f?
7
Let l be ((-4)/8)/(1/(-6)). Suppose 2*t = -2*n, -4*n = -l*n + 3*t - 4. List the prime factors of 3/n*14/(-3).
7
Let p(u) = u**2 + u + 2. Let c be p(0). Suppose -c*v + 48 = -52. Suppose -5*m + v = -3*d - 2*d, -2*m - 4*d = 4. What are the prime factors of m?
2, 3
Let a = -164 - -251. What are the prime factors of a?
3, 29
Let y = 34 + -57. Let x = 3 - y. What are the prime factors of x?
2, 13
Suppose -4*l + 256 = 16. List the prime factors of l.
2, 3, 5
Suppose -2*o = 3*q - 43, 37 = 5*q - 4*q - 5*o. Let b = q - 30. List the prime factors of (-1)/1 - 1 - b.
11
Suppose -33 = -0*x - 3*x. Let b(w) = 2*w**2 - w + 3. Let n be b(3). Let z = n - x. List the prime factors of z.
7
Suppose -7*v + 3*v = 4. Let t be v/3 - (-616)/12. Suppose t = 5*x - 2*c, -2*x + c + 20 + 0 = 0. What are the prime factors of x?
11
Let d be ((-2)/(-4))/(3/18). List the prime factors of d/(-3)*(-12 + -1).
13
Let q be ((-15)/(-6) + 3)*2. Suppose 3*p - 5*z = -q, 0*z + 3 = -3*p - 3*z. What are the prime factors of p + -3 + 8 + 1?
2
Suppose 2*z + 180 = 7*z. What are the prime factors of z?
2, 3
What are the prime factors of (-26)/4*-4 - 4?
2, 11
Let b = -74 - -139. What are the prime factors of b?
5, 13
Suppose 18 = 6*x - 4*x. Let k(w) = w**3 - 6*w**2 + 6. Let t be k(6). Let q = x - t. List the prime factors of q.
3
Let a = 21 + -21. Suppose 3*r - 82 = z - a*z, -2*r = 4*z - 78. What are the prime factors of r?
29
Let m(l) = -75*l**2 + 7*l + 9. Let g(h) = -37*h**2 + 3*h + 4. Let j(a) = -7*g(a) + 3*m(a). List the prime factors of j(1).
3, 11
Let o be 45/10 - (-1)/(-2). Suppose 65 = 5*v - 3*g, o*v - 17 = -g + 35. What are the prime factors of v?
13
Suppose 4*t = -3*t + 238. What are the prime factors of t?
2, 17
Let g be ((-18)/(-4))/(9/12). Let b = -4 + g. Suppose -2*o + o = 2*y - 15, b*y + 4*o = 12. List the prime factors of y.
2
Let k = -536 + 803. What are the prime factors of k?
3, 89
Suppose 0 = -4*v - v + 4*c + 16, -v + 4*c + 16 = 0. Let h be 2*((-1)/1 + v). List the prime factors of (3 - 0)*h/(-3).
2
Let v(t) = -2*t**3 - 4*t**2 + 5. List the prime factors of v(-3).
23
Let c(o) = -17*o + 9. Let z(u) = 8*u - 4. Let d(n) = -2*c(n) - 5*z(n). What are the prime factors of d(-2)?
2, 7
List the prime factors of 382/8 + 13/52.
2, 3
List the prime factors of 15/(-45)*174/(-2).
29
Let n(m) = -14*m**2 - 22*m - 23. Let k(x) = 5*x**2 + 7*x + 8. Let l(q) = 11*k(q) + 4*n(q). List the prime factors of l(-9).
2, 7
Let z = -409 - -583. What are the prime factors of z?
2, 3, 29
Suppose 6*o = 12 + 30. Let v(p) = 6*p - 7. What are the prime factors of v(o)?
5, 7
Let g(v) = -6*v**3 - 2*v**2 - 2*v - 1. Let i be g(-1). Suppose n = i*n - 56. List the prime factors of n.
2, 7
Suppose 5*u + 13 = 3*q - 4*q, -2*u = 8. Let h(c) = c**2 - 6*c - 4. List the prime factors of h(q).
3
Suppose 3*k - 2*k = -m + 51, k = 4*m + 31. What are the prime factors of k?
47
Suppose -3*u + 152 = u. List the prime factors of u.
2, 19
Let g(o) = -o**2 - o + 10. Suppose 0 = l - 2*l - 2, 4*w = 4*l + 8. Suppose w = -2*y - 4*d - 8, 0*d - 2*d - 4 = 5*y. List the prime factors of g(y).
2, 5
Suppose 0*j + 4*d - 1 = -j, -2*j + d = -2. Let h = 2 + j. Suppose 2*c = -2*v + 18, -h*c - 38 = -v - v. List the prime factors of v.
13
Let f = 109 + 31. List the prime factors of f.
2, 5, 7
Suppose y + 0*y = 0. Let r be 3*(y - -1)*-2. Let q = -4 - r. What are the prime factors of q?
2
What are the prime factors of 0 + 0 + 27 - (6 + -3)?
2, 3
Suppose 3*q - 47 = 91. Let j = q - -1. List the prime factors of j.
47
Suppose u + u = 3*c - 7, 0 = -3*u - 3*c - 18. Let z = -3 - u. Suppose -r + 3 = -z. What are the prime factors of r?
5
Suppose 29 = 3*d + 2*m - 3*m, -4*d - m = -41. Let q = 29 - 23. List the prime factors of -1 + 3 + (d - q).
2, 3
Let k be (-114)/(-10) + 9/15. What are the prime factors of 0/(-2) + 1 + k?
13
Let z = -93 + 121. What are the prime factors of z?
2, 7
Let u = 7 - 2. Suppose 0 = -u*i + 52 + 88. What are the prime factors of i?
2, 7
Let a(y) = 13*y + 2. Let m(s) = -26*s - 4. Let t(l) = 9*a(l) + 4*m(l). Let f be t(-6). What are the prime factors of 2/8 - f/16?
5
Let l = 44 + -26. What are the prime factors of l?
2, 3
Suppose -h - 2*n = -0*h - 4, -2*n = -2*h - 10. List the prime factors of 1 - -2 - 2/h.
2
Let u(n) = -n**2 - 6*n + 6. Let t = 6 - 11. L